
-31
In base 9, what is -2043 + 1?
-2042
In base 10, what is 484 - 8?
476
In base 7, what is -66 + 30?
-36
In base 4, what is -12 - -1211?
1133
In base 14, what is -85d - 5?
-864
In base 8, what is -2 + 133?
131
In base 15, what is 105 + 5?
10a
In base 7, what is -120 - -5?
-112
In base 11, what is -1300 + -1?
-1301
In base 2, what is 10 + 10000?
10010
In base 14, what is 1 - 2aa?
-2a9
In base 16, what is 8 - 2e2?
-2da
In base 5, what is 131 - 114?
12
In base 8, what is -4 - -102?
76
In base 3, what is -111 - 11000?
-11111
In base 4, what is 233 + -112?
121
In base 2, what is 101 - -110?
1011
In base 10, what is 334 + 1?
335
In base 8, what is 1 - -4747?
4750
In base 3, what is 0 + -10120?
-10120
In base 10, what is -1 - -868?
867
In base 13, what is 4 - -1359?
1360
In base 9, what is 5 - 171?
-165
In base 15, what is -32b + -5?
-331
In base 12, what is 3 + 743?
746
In base 15, what is 10 + -e?
1
In base 14, what is -21 - -9?
-16
In base 4, what is -10 - -11?
1
In base 9, what is -70 + 16?
-53
In base 11, what is -25 + 622?
5a8
In base 7, what is 55 - -5?
63
In base 4, what is -33320 - -12?
-33302
In base 9, what is -12 + -2?
-14
In base 2, what is 1011101 + -10?
1011011
In base 11, what is 53 + -10?
43
In base 9, what is -32 + 5?
-26
In base 4, what is 33 + -3310?
-3211
In base 11, what is 1a5 + -34?
171
In base 8, what is 6 + 71?
77
In base 2, what is -11010101 + 101?
-11010000
In base 7, what is -4 + 33?
26
In base 8, what is 6 - -12?
20
In base 12, what is 3 - -31b?
322
In base 16, what is 31 + -3?
2e
In base 16, what is -98 - 5?
-9d
In base 2, what is 10 + -1110011?
-1110001
In base 6, what is -2 + -300?
-302
In base 16, what is -3 + -7?
-a
In base 13, what is -29a - -1?
-299
In base 7, what is -2 + -535?
-540
In base 6, what is 32 - -2130?
2202
In base 15, what is 68 + -a?
5d
In base 8, what is 1 + -112?
-111
In base 8, what is 36 - 3?
33
In base 9, what is -6 - 520?
-526
In base 11, what is a9 + 4?
102
In base 8, what is 26 + 44?
72
In base 6, what is 20 + 30?
50
In base 11, what is 8 + 3040?
3048
In base 8, what is -3 + 3275?
3272
In base 12, what is -77 - 0?
-77
In base 5, what is -4 - -1243?
1234
In base 9, what is 36 - -656?
703
In base 6, what is -2 - -24?
22
In base 16, what is -3f + 17?
-28
In base 14, what is 36 + 5?
3b
In base 16, what is 3 - -175?
178
In base 3, what is -1211012 + -1?
-1211020
In base 10, what is -524 - -7?
-517
In base 13, what is -2 - 925?
-927
In base 10, what is 4169 + 5?
4174
In base 13, what is -21c + -28?
-247
In base 8, what is 5223 - 1?
5222
In base 5, what is -30 - 1131?
-1211
In base 5, what is -221200 + -1?
-221201
In base 12, what is -5 - 77b?
-784
In base 13, what is -52 + 85?
33
In base 9, what is -1 + 357?
356
In base 14, what is 1451 + 4?
1455
In base 7, what is 304 - 2?
302
In base 8, what is -225 - -32?
-173
In base 9, what is 25 - 25?
0
In base 5, what is -1342 - -3?
-1334
In base 16, what is 26 + 8?
2e
In base 9, what is -7 + 14?
6
In base 12, what is -1136 - 2?
-1138
In base 10, what is -3 + -388?
-391
In base 4, what is -11 - 20122?
-20133
In base 8, what is 14 - 41?
-25
In base 6, what is -5 - 554?
-1003
In base 14, what is -459 - -1?
-458
In base 13, what is b6 - a?
a9
In base 11, what is 127aa - -4?
12803
In base 13, what is 386 - -8?
391
In base 2, what is -100100111 + 100?
-100100011
In base 12, what is 3 - 427?
-424
In base 8, what is 306 - -12?
320
In base 16, what is 8 + 28?
30
In base 6, what is -1 - -123?
122
In base 5, what is -4 - 211?
-220
In base 14, what is 9c - 1?
9b
In base 8, what is -11 + -126?
-137
In base 6, what is -15340 + 0?
-15340
In base 2, what is -10110 + 110011?
11101
In base 14, what is -3 + a6?
a3
In base 12, what is -258 + 1?
-257
In base 4, what is 0 - 1231?
-1231
In base 16, what is -697 + 5?
-692
In base 11, what is -6 + -22?
-28
In base 7, what is 6016 - 5?
6011
In base 15, what is -4 + -23?
-27
In base 4, what is 10 + -11112?
-11102
In base 7, what is 5 + -240?
-232
In base 16, what is -aed + -1?
-aee
In base 11, what is 2 + 32?
34
In base 4, what is -103303 + 11?
-103232
In base 5, what is -244 + 10?
-234
In base 9, what is -13 - -21?
7
In base 15, what is 1 + 9c?
9d
In base 6, what is 102 + -1?
101
In base 10, what is 4 - -1184?
1188
In base 7, what is -6 - 26?
-35
In base 11, what is 281 + -4?
278
In base 5, what is 2013 + 3?
2021
In base 14, what is 1 + d6a?
d6b
In base 13, what is 1a60 + -5?
1a58
In base 9, what is 2 - 103?
-101
In base 2, what is -101 - 10111011?
-11000000
In base 12, what is -2 + 245?
243
In base 10, what is 3 - 1760?
-1757
In base 16, what is 11b3 - -4?
11b7
In base 12, what is -7 - -2437?
2430
In base 7, what is 2 + 6111?
6113
In base 16, what is -10 - 1b?
-2b
In base 8, what is -2 + 62?
60
In base 16, what is -12 + 2?
-10
In base 8, what is -23 - -2?
-21
In base 4, what is -1111 - 2003?
-3120
In base 10, what is 4 - -1563?
1567
In base 8, what is -1216 + 3?
-1213
In base 15, what is -127 - 7?
-12e
In base 7, what is -4363 + -2?
-4365
In base 11, what is 637 + 5?
641
In base 13, what is 1 + -5b?
-5a
In base 7, what is -1 + 1542?
1541
In base 7, what is -15 + 44?
26
In base 8, what is -220 - 63?
-303
In base 8, what is 4 + 737?
743
In base 13, what is -286 - -5?
-281
In base 14, what is -3 - -26?
23
In base 2, what is -11 + -100010100001?
-100010100100
In base 16, what is 2 - -17?
19
In base 15, what is 26d - -2?
270
In base 9, what is -304 - 4?
-308
In base 4, what is -231 - -211?
-20
In base 2, what is 100010011 - -1000?
100011011
In base 8, what is -2 + -32?
-34
In base 10, what is 2663 + 2?
2665
In base 6, what is -52 + 1113?
1021
In base 11, what is 3 - 172?
-16a
In base 8, what is 40 + -4?
34
In base 16, what is -2 - b3?
-b5
In base 5, what is 0 - 114?
-114
In base 10, what is 3 - -1625?
1628
In base 3, what is -2220212 - -2?
-2220210
In base 12, what is 1 + -1a?
-19
In base 8, what is 1 + -4377?
-4376
In base 5, what is 431 + -4?
422
In base 12, what is 2a - -5b?
89
In base 3, what is 12 - -1212021?
1212110
In base 10, what is -2 - 42?
-44
In base 15, what is -d6 + 1?
-d5
In base 14, what is -5 - -214?
20d
In base 9, what is -58 - -10?
-48
In base 8, what is 7 + 47?
56
In base 14, what is -9d + -3?
-a2
In base 3, what is 121 - -12?
210
In base 12, what is 4a4 - -2?
4a6
In base 6, what is 1012 - 5?
1003
In base 14, what is -5 + 6b?
66
In base 2, what is -111 + 110111?
110000
In base 14, what is -29 - 6?
-31
In base 11, what is 2 + -133?
-131
In base 10, what is 1112 - 1?
1111
In base 7, what is 621 + -35?
553
In base 15, what is -1 - 221?
-222
In base 16, what is 1 + -7b1?
-7b0
In base 12, what is -5 + -9b?
-a4
In base 15, what is 0 - -16a2?
16a2
In base 9, what is 75024 + 1?
75025
In base 13, what is b4 - -2?
b6
In base 2, what is -10000100100 - 100?
-10000101000
In base 14, what is -225 - -5?
-220
In base 13, what is -3 + 3b6a?
3b67
In base 6, what is -24 - 12?
-40
In base 11, what is 1232 + -3?
122a
In base 6, what is 2 - -45?
51
In base 13, what is -6 + 35c?
356
In base 8, what is 13 - 1?
12
In base 16, what is d3 + 2?
d5
In base 11, what is -297 - 2?
-299
In base 9, what is 1 - -170?
171
In base 16, what is -8 - -13e?
136
In base 9, what is 2 + 2?
4
In base 5, what is 141 - 300?
-104
In base 8, what is 26 - -20?
46
In base 8, what is 1676 - 6?
1670
In base 12, what is 5 + -489?
-484
In base 3, what is -11212 + -222?
-12211
In base 14, what is c + -24?
-16
In base 15, what is -32 - a?
-3c
In base 12, what is -2 + -108?
-10a
In base 4, what is -1 - -1231?
1230
In base 15, what is 2 - 39?
-37
In base 7, what is -14131 - 4?
-14135
In base 4, what is 13322 - 223?
13033
In base 11, what is -1 - 48?
-49
In base 6, what is -241 - 5?
-250
In base 12, what is 1 - -7?
8
In base 7, what is -1 + -165?
-166
In base 2, what is -1 - -1010011011?
1010011010
In base 11, what is 18 - -53?
70
In base 7, what is -4 - -1346?
1342
In base 15, what is 1 - -7b9?
7ba
In base 9, what is -25 - 11?
-36
In base 8, what is -7 - -145?
136
In base 16, what is -1d - 11?
-2e
In base 5, what is -2 + 1201?
1144
In base 11, what is 12 + 16?
28
In base 11, what is -3 + -205?
-208
In base 4, what is 1223 + 233?
2122
In base 8, what is 1025 - 2?
1023
In base 10, what is 0 - -308?
308
In base 11, what is -6a + 222?
163
In base 12, what is 2 - -12?
14
I